 = -6*n**2 + 155*n + 1571. Calculate j(-10).
-579
Let u(w) = 6047*w - 356787. Calculate u(59).
-14
Let v(l) = 3*l**3 + 3*l**2 - 46*l + 104. What is v(5)?
324
Let j(p) = 137*p**2 + 129*p - 389. What is j(3)?
1231
Let a(b) = 258*b - 17299. Calculate a(67).
-13
Let a(o) = o**3 + 17*o**2 + 76*o - 9. Calculate a(-9).
-45
Let a(d) = d**3 + 601*d**2 + 2307*d - 48454. Calculate a(-597).
-97
Let j(q) = 4212*q + 492883. Calculate j(-117).
79
Let a(h) = 7*h**3 - 40*h**2 + 164*h - 294. What is a(3)?
27
Let k(q) = -q**3 - 333*q**2 + 6686*q - 724. What is k(-352)?
-20
Let q(i) = 2*i**2 + 114*i - 47794. What is q(129)?
194
Let p(s) = -2303*s + 8004. What is p(6)?
-5814
Let u(c) = -5*c**3 - 850*c**2 - 42*c - 5687. What is u(-170)?
1453
Let v(k) = -6*k**3 - 225*k**2 + 99*k + 270. What is v(-38)?
840
Let p(a) = -71*a**3 + 693*a**2 - 127*a + 1166. Give p(10).
-1804
Let p(b) = -2343*b - 35421. Give p(-15).
-276
Let o(z) = 481*z**2 - 175565*z - 41. Calculate o(365).
-41
Let h(g) = 1478*g - 13003. Determine h(9).
299
Let a(j) = 2*j**3 - 911*j**2 - 1310*j - 27867. Determine a(457).
10
Let s(j) = -6516*j**2 + 26367*j + 1. Give s(4).
1213
Let z(r) = -86*r**2 + 773*r + 37. Give z(9).
28
Let v(a) = -a**2 - 172*a - 9327. What is v(-59)?
-2660
Let x(a) = a**2 + 114*a + 2730. Give x(-30).
210
Let p(h) = -h**3 - 53*h**2 + 63*h + 5957. Give p(-52).
-23
Let k(j) = 1116*j + 41293. What is k(-37)?
1
Let a(k) = -k**3 + 9*k**2 - 29*k - 96. Give a(12).
-876
Let s(d) = -d**3 - 54*d**2 - 40*d - 2199. What is s(-54)?
-39
Let q(o) = -o**3 + 14*o**2 + 516*o - 124. Calculate q(-17).
63
Let y(n) = -12955*n + 259094. Determine y(20).
-6
Let t(q) = 170308*q + 9366934. Give t(-55).
-6
Let m(l) = -l**3 + 3*l**2 - 2968*l - 15098. Determine m(-5).
-58
Let b(i) = 3*i**2 - 5177*i - 31108. What is b(-6)?
62
Let q(h) = -h**3 + 22*h**2 + 116*h - 827. What is q(7)?
720
Let j(u) = -1247*u**2 - 171*u + 254. What is j(2)?
-5076
Let v(q) = -2143*q**2 + 17153*q - 47. What is v(8)?
25
Let q(u) = -24*u + 1161. Determine q(31).
417
Let x(q) = q**3 + 250*q**2 - 753*q + 1444. Give x(-253).
-74
Let y(b) = -23*b**2 - 1563*b + 7846. What is y(5)?
-544
Let n(p) = -3029*p - 66137. Determine n(-22).
501
Let s(q) = 3*q**3 - 62*q**2 + 262*q - 87. Determine s(17).
1188
Let y(h) = -25*h**2 + 641*h + 1696. Give y(28).
44
Let i(m) = 11949*m - 191232. Calculate i(16).
-48
Let y(q) = 2*q**2 + 14*q - 17814. Determine y(91).
22
Let c(r) = 335*r - 49604. Calculate c(148).
-24
Let u(k) = 19*k - 168. Calculate u(11).
41
Let f(x) = -4497*x**2 - 40547*x - 3. Give f(-9).
663
Let l(x) = -16*x - 92. Determine l(-45).
628
Let g(a) = a**2 + 590*a - 18539. What is g(30)?
61
Let i(o) = -14*o**3 - 6*o**2 - 40*o + 258. Determine i(4).
-894
Let i(k) = 25024*k + 325271. What is i(-13)?
-41
Let v(c) = -c**2 + 940*c + 327. Give v(0).
327
Let d(r) = 9*r**2 - 23*r - 651. Give d(0).
-651
Let b(o) = 129*o**2 - 238*o - 149. Determine b(-3).
1726
Let m(q) = q**3 - 23*q**2 + 194*q + 158. Determine m(16).
1470
Let n(v) = 158044*v - 1264365. Calculate n(8).
-13
Let h(z) = -158*z + 11126. Determine h(84).
-2146
Let i(j) = 4348*j + 573938. What is i(-132)?
2
Let o(u) = -u**3 - 442*u**2 + 3604*u + 1857. Determine o(-450).
57
Let r(i) = -21221*i + 127264. Calculate r(6).
-62
Let y(q) = -q**2 - 1971*q - 216695. What is y(-117)?
223
Let m(w) = -w**3 + 47*w**2 - 107*w + 10. Determine m(4).
270
Let c(w) = 546983*w - 21879302. Determine c(40).
18
Let s(o) = 3*o**2 - 517*o + 3733. What is s(166)?
579
Let h(p) = 5823*p + 1217026. Determine h(-209).
19
Let l(s) = -s**3 - 45*s**2 - 436*s - 771. What is l(-34)?
1337
Let b(n) = -n**3 - 77*n**2 - 426*n - 19. Give b(-71).
-19
Let i(c) = 467*c - 1134. Give i(3).
267
Let v(x) = 99787*x + 9978691. Give v(-100).
-9
Let o(f) = -165582*f - 5298618. Give o(-32).
6
Let m(b) = 4*b**2 + 2205*b - 367298. Calculate m(134).
-4
Let v(l) = 2081*l + 30393. Determine v(-15).
-822
Let z(b) = -b**3 + 7*b**2 + 1064*b - 672. What is z(36)?
48
Let x(q) = q**2 + 9388*q + 3388519. What is x(-376)?
7
Let b(y) = -y**2 + 153142*y - 1071964. Determine b(7).
-19
Let u(h) = -2*h**3 + 40*h**2 - 5427*h + 108541. What is u(20)?
1
Let f(t) = -3*t**3 - 1427*t**2 - 22948*t + 1080. Calculate f(-459).
162
Let m(b) = -524449*b - 2097863. Give m(-4).
-67
Let v(x) = 5*x**2 + 381*x + 746. Determine v(-74).
-68
Let y(s) = -212*s + 40578. Calculate y(193).
-338
Let q(o) = -187*o - 41844. What is q(-224)?
44
Let o(k) = -10*k**2 - 370*k + 375. Give o(-39).
-405
Let q(i) = -11*i**2 - 23471*i - 93831. Calculate q(-4).
-123
Let d(o) = 181002*o + 904944. Give d(-5).
-66
Let f(c) = 2007*c + 828987. Give f(-413).
96
Let r(z) = 4*z**2 - 9192*z + 182112. What is r(20)?
-128
Let j(b) = 3*b**3 + 48*b**2 + 14*b + 54. Calculate j(-13).
1393
Let j(f) = 29149*f + 1078508. Calculate j(-37).
-5
Let i(g) = -3001*g - 51019. Determine i(-17).
-2
Let q(g) = 7311*g - 15988. Give q(2).
-1366
Let n(f) = -f**3 - 186*f**2 + 446*f + 13156. Calculate n(-188).
-4
Let a(i) = -7341*i + 7671350. Give a(1045).
5
Let m(f) = 400*f**2 - 5*f - 32. Give m(0).
-32
Let p(w) = 134*w + 12192. Give p(-88).
400
Let z(r) = r**3 - 19*r**2 + 45*r - 275. Calculate z(16).
-323
Let f(x) = x**3 - 103*x**2 - 8473*x + 275. Determine f(-54).
5
Let c(y) = 16*y**2 - 156*y + 249. Determine c(2).
1
Let b(l) = -5964*l - 3304056. Determine b(-554).
0
Let y(x) = -x**2 - 15675*x + 46992. Calculate y(3).
-42
Let j(i) = -71*i**2 - 783*i - 1529. Give j(-9).
-233
Let x(a) = -6036*a + 96413. Determine x(16).
-163
Let f(l) = 3*l**3 - 12*l**2 + 3078*l - 12312. Calculate f(4).
0
Let f(l) = -4470*l - 375463. Determine f(-84).
17
Let t(r) = r**3 - 136*r**2 - 21606*r - 3241. What is t(230)?
-21
Let z(b) = 9*b**2 - 1180*b - 1040. Calculate z(132).
16
Let y(n) = 62911*n + 62919. Calculate y(-1).
8
Let z(l) = 6*l**2 - 3893*l + 163021. Determine z(45).
-14
Let y(l) = 4*l**3 - 1150*l**2 - 5247*l - 2192. What is y(292)?
436
Let o(t) = -2*t**3 + 99*t**2 - 409*t + 212. What is o(45)?
32
Let u(c) = 277938*c - 277958. Calculate u(1).
-20
Let u(i) = i**2 - 308*i - 89909. Calculate u(-183).
-56
Let n(h) = -175*h - 48817. Determine n(-279).
8
Let r(p) = -4*p**3 - 35*p**2 - 64*p - 439. Calculate r(-10).
701
Let y(p) = -p**3 - 96*p**2 + 79*p - 2154. What is y(-97)?
-408
Let k(l) = -l**3 - 4*l**2 + 74*l - 51. Determine k(12).
-1467
Let j(y) = -3*y**2 - 984*y + 16517. What is j(-344)?
5
Let l(s) = 1624*s - 9770. What is l(6)?
-26
Let l(i) = -70*i**2 - 114*i - 433. What is l(-4)?
-1097
Let k(j) = 30*j**3 + 235*j**2 - 2587*j - 26. Give k(-14).
-68
Let w(y) = 16055*y + 64217. Give w(-4).
-3
Let v(g) = 17057*g - 120524. Give v(7).
-1125
Let c(g) = 57*g**2 + 493*g + 925. Calculate c(-4).
-135
Let m(b) = 4*b**3 + 6*b**2 + 494*b + 1479. Determine m(-3).
-57
Let n(t) = -7697*t - 330973. Give n(-43).
-2
Let w(v) = 776*v**2 + 3194*v + 298. Give w(-4).
-62
Let a(w) = w**3 + 17*w**2 + 69*w - 254. Calculate a(-11).
-287
Let j(o) = 60402*o - 16187753. What is j(268)?
-17
Let l(u) = -931*u**2 + 546*u + 549. What is l(-1)?
-928
Let d(h) = -h**2 + 90*h - 2036. Calculate d(48).
-20
Let f(l) = -997*l - 19624. Give f(-20).
316
Let n(g) = -296*g + 8705. What is n(29)?
121
Let t(b) = -131*b**2 - 408*b + 1166. Calculate t(3).
-1237
Let g(c) = 3664*c - 73729. Determine g(20).
-449
Let z(u) = 5617*u - 5657. Calculate z(1).
-40
Let b(l) = -l**3 + 65*l**2 + 136*l - 172. Calculate b(67).
-38
Let w(k) = 20*k - 1369. Give w(38).
-609
Let d(b) = 17*b + 175. Determine d(11).
362
Let j(o) = 2*o**3 - 80*o**2 + 52*o + 1025. Give j(39).
11
Let z(b) = b**3 + 1320*b**2 + 59831*b - 42. Determine z(-47).
-42
Let p(g) = g**3 - 85*g**2 + 558*g - 951. Give p(78).
-15
Let w(t) = -6*t**3 + 545*t**2 + 1209*t + 48. Determine w(93).
48
Let m(d) = 845492*d + 3381946. Calculate m(-4).
-22
Let t(h) = 835*h + 10545. Give t(-9).
3030
Let p(j) = -9*j**2 - 1373*j - 46173. What is p(-50)?
-23
Let u(p) = 1517*p + 152677. Calculate u(-103).
-3574
Let c(d) = 138*d + 16213. What is c(-118)?
-71
Let l(o) = -2*o**3 - 41*o**2 - 133*o - 410. Calculate l(-18).
364
Let p(o) = 34250*o + 1062272. What is p(-31)?
522
Let k(t) = -2*t**2 - 342*t + 1785. Determine k(5).
25
Let z(c) = -21321*c - 277164. Give z(-13).
9
Let i(v) = -3*v**2 - 2154*v - 8623. Determine i(-4).
-55
Let v(g) = g**3 + 103*g**2 + 229*g + 3595. 